7
Let n = -13 + 20. What is the remainder when 9 is divided by n?
2
Let f = 142 + -83. What is the remainder when f is divided by 15?
14
Let s = 23 + -13. Let y = 101 - 64. Let v = y - s. What is the remainder when v is divided by 15?
12
Let t(b) = -2*b. What is the remainder when 57 is divided by t(-10)?
17
Let o be 8*(-2 + (-2)/4). Suppose 2*q = 3*q - 17. What is the remainder when q is divided by (-6)/9 + o/(-3)?
5
Suppose 315 = 10*z + 105. Let d(a) = 2*a**2 - 7*a + 4. Calculate the remainder when z is divided by d(4).
5
Let g(y) = -y**3 + 4*y**2 + 3*y + 6. Suppose -3*f + s = -8, 2*s + 0*s = f + 4. Calculate the remainder when 51 is divided by g(f).
15
Let k = 29 + -14. Let n(d) = 2*d**2 - 2*d - 3. Calculate the remainder when n(-5) is divided by k.
12
Let l(k) = k**3 + 10*k**2 - 4*k - 8. Calculate the remainder when l(-10) is divided by 7.
4
Suppose -z = -4*a - 0*a - 5, -5*a + 5 = z. Let x = -3 + z. Let u(r) = 3*r**3 - 4*r**2 + 2*r + 2. Calculate the remainder when u(x) is divided by 4.
2
Let w be (0 - -1)*(2 + -2). Suppose w = -4*m + 3*m + 24. Suppose 2*z - m = 2*b, -4*z + 4*b = 2*b - 42. What is the remainder when 26 is divided by z?
8
Let l(k) = 2 + 0 + 0 - 5*k. What is the remainder when 35 is divided by l(-2)?
11
Suppose -4*j + 5*q + 379 = 0, -2*j + 6*q = q - 197. What is the remainder when j is divided by 46?
45
Suppose 0 = -5*n + 4*b + 31, 3*n + b + 3*b = -7. Calculate the remainder when (4*1 + -1)/(6/16) is divided by n.
2
Let h = -11 - -7. Let l = h + 5. Let k(z) = 19*z. What is the remainder when k(l) is divided by 11?
8
Let g = -76 + 112. Calculate the remainder when 71 is divided by g.
35
Let n(m) = m - 3. Let d be n(8). Suppose j - 72 = -d. What is the remainder when j is divided by 17?
16
Let u = 19 - -17. Let v(p) = p**3 + p**2 + 19. Calculate the remainder when u is divided by v(0).
17
Let j(x) = -x**3 - x**2 + x + 12. Let c be j(0). Let r be 1/(1/(38 - 1)). Let o = r - c. Calculate the remainder when o is divided by 13.
12
Let g(j) = -11*j**2 + 0*j + 4 + j**3 + 2 + 8*j + 4*j. What is the remainder when g(10) is divided by 14?
12
What is the remainder when -3*((-50)/3 + 1) is divided by 25?
22
Suppose 1 - 5 = p, -5*p - 80 = 4*n. Let i be 4*(n/(-4) + -2). Suppose 2*q = -i*w + 3*w + 76, -w + 33 = q. Calculate the remainder when q is divided by 10.
8
Suppose 2*v - m - 14 = 0, -3*v - 2*v = -m - 32. What is the remainder when 23 is divided by v?
5
Suppose 5*m - 4 = m. What is the remainder when (0/m - -2) + 3 is divided by (-1)/4 + 9/4?
1
Let i be ((-1)/(-3))/(2/18). What is the remainder when 13/2 - i/6 is divided by 4?
2
Let f = -9 + 6. What is the remainder when 53 is divided by (-595)/(-21) + 1/f?
25
Suppose -2*a + 87 = t, -3*t - 15 = 2*t. What is the remainder when a is divided by 16?
13
Let g be 1/4 - (-10)/(-8). Suppose 3*h + 8 = 2, -2*k = -5*h - 88. What is the remainder when k is divided by (20/8)/(g/(-4))?
9
Suppose 0 = -5*u + 3*l + 150, -6*u + 7*u + 3*l - 12 = 0. Calculate the remainder when u is divided by 15.
12
Suppose -3*p - 4 = -4*p. Let i(l) = l**2 - l - 11. Calculate the remainder when i(-4) is divided by p.
1
Let s be -4 + (1 - -1) - -18. Suppose -5*w = 3*j + 6 - 31, 3*w - 4*j - 15 = 0. Suppose w*v - s = v. What is the remainder when v is divided by 3?
1
Suppose 0 = -4*v - z + 28, 10 = 5*v + 2*z - 28. What is the remainder when ((-4)/v)/((-1)/6) is divided by 2?
0
Let h = -4 - -6. Suppose 2 = x - 5*z, 3*z - 7 = h*x - 18. What is the remainder when 13 is divided by x?
6
Suppose s = -s + 196. What is the remainder when s is divided by 20?
18
Let u = 11 + 7. Suppose -u = -h + 14. Calculate the remainder when h is divided by 11.
10
Let g = -6 - -9. Calculate the remainder when (-46)/(-3) + (-1)/g is divided by 4.
3
Let z = -104 - -154. Let o(d) = d**2 - 8*d - 4. Let k be o(9). Suppose k*r - 51 = 2*r. What is the remainder when z is divided by r?
16
Suppose -4*u = -2*h - 2*h - 92, 4*u = -5*h - 133. Let l = h + 51. What is the remainder when l is divided by 7?
5
Suppose 0 = 2*l - 4. Suppose l*x = -46 + 192. Suppose 5*i = 25, -2*i + x + 1 = 4*q. Calculate the remainder when 30 is divided by q.
14
Suppose -7 = 4*t + 5. Let z(i) = -2*i**3 - 5*i**2 - 2*i + 1. Suppose -3*y + 5*y - 18 = 0. What is the remainder when z(t) is divided by y?
7
Calculate the remainder when 17 is divided by 7 - (0/(-1))/((-2)/1).
3
Let k be 0 - 4/(-1)*1. Let d be 2/1*6/k. Calculate the remainder when 23 is divided by d*12/(-9)*-3.
11
Let u(h) = h**3 - 2*h**2 - 5*h - 3. Let s be u(-3). Let t = -22 - s. What is the remainder when 20 is divided by t?
9
Suppose -5 = 5*m, 5*q = -6*m + m - 20. Suppose -5*t - r - 9 = -28, 0 = -t + 3*r - 9. Calculate the remainder when 3 + (q - -3) + 1 is divided by t.
1
Let f = 66 + -1. What is the remainder when f is divided by 17?
14
Suppose 0 = 58*f - 65*f + 224. What is the remainder when 286 is divided by f?
30
Suppose 4*h = 4*i + 4, -23 = -0*h - 5*h - 4*i. What is the remainder when 10 is divided by h?
1
Let f be 29/9 + 6/(-27). Suppose 0*l - f = -l. Suppose 0 = l*b + 3 - 12. Calculate the remainder when b is divided by 2.
1
Suppose -25 - 19 = -11*d. What is the remainder when 19 is divided by d?
3
Suppose 0 = -2*x + 8, 5*k + 3*x + 1064 = -x. What is the remainder when 47 is divided by 4/22 + k/(-22)?
7
Let u = -84 - -178. Calculate the remainder when u is divided by 8.
6
Suppose -6*c + 87 = -117. Calculate the remainder when 303 is divided by c.
31
Let g be (-36)/(-45)*(-50)/4. Let x = g + 29. Calculate the remainder when 35 is divided by x.
16
Suppose 2*s = 112 - 18. What is the remainder when s is divided by 16?
15
Let g = -7 + 7. Suppose 2*k = -g*k + 300. Suppose -l + k = 2*l + 3*o, -o = -5*l + 226. Calculate the remainder when l is divided by 16.
14
What is the remainder when 10 is divided by (-24)/28*(-5 + -2)?
4
Suppose 2*d = -8 + 2. Let p = d - -7. Let l = -1 + p. What is the remainder when l is divided by 2?
1
Let d be 5 + -4 - (-1 + 5). Let s be (1 + d/9)*-3. Calculate the remainder when (1/s)/((-2)/88) is divided by 12.
10
Let y be (-4)/((5 + -3)*-1). Let v be 1 + -2 + (y - 49). Let x = -18 - v. Calculate the remainder when x is divided by 16.
14
Suppose -17 = -4*z - 1, 5*f + 3*z = 67. Let u = f - 5. Suppose 0 = 3*d - u*d + 5*x + 81, -95 = -5*d - 5*x. What is the remainder when d is divided by 12?
10
Suppose -7 = d - 5*g, -4*g = 4*d - 6*d + 10. Calculate the remainder when 34 is divided by d.
8
Suppose -4*b = -40 - 16. Suppose 0 = 3*x + n - 14, -x - 8*n + 3*n = b. Calculate the remainder when x is divided by 2.
0
Let t be 0*(-2)/(-2)*-1. Suppose t = g - 1 - 2. What is the remainder when 5 is divided by g?
2
Suppose -3*o - 11 = 1. What is the remainder when 8 is divided by (-3)/o + (-51)/(-12)?
3
Calculate the remainder when (1378/14 - 2) + 18/(-42) is divided by 10.
6
Let x = 732 + -442. Suppose -4*f - 14 = -x. Suppose 5*h - f = 2*h. What is the remainder when h is divided by 12?
11
Let k be ((-76)/(-5))/(4/10). Suppose -5*d + 22 + k = 0. What is the remainder when 5 is divided by d/9 - 2/(-3)?
1
Suppose 5*a + 7 = 22. What is the remainder when 5 is divided by (-40)/(-12) + (-1)/a?
2
Suppose 8 = -3*f + f, -17 = m + 4*f. Calculate the remainder when 20 + 7/((-7)/2) is divided by (m + -3)*-2 - -2.
8
Suppose -i + 5 = 2*i - 2*d, 3*i + 1 = -4*d. Calculate the remainder when (12 + (-2 - -3))*i is divided by (-38)/(-6) - (-2)/3.
6
Let o = 92 - 79. What is the remainder when 76 is divided by o?
11
Suppose 3*d - 3 - 9 = 0. Suppose d*f - 116 = -0*f. Calculate the remainder when f is divided by 16.
13
Let z(a) = -2*a + 2. Calculate the remainder when z(-9) is divided by 11.
9
Suppose 0 = -5*m - 3*x + 403, -193 + 35 = -2*m + 2*x. Calculate the remainder when m is divided by 22.
14
Suppose 5*k - 20 = 0, 0 = t - 5*k + 2 - 3. Let i = t + -12. Calculate the remainder when 15 is divided by i.
6
Suppose 0 = -2*t + 2*d + 88, -4*t - d + 86 + 100 = 0. Suppose 0*w = -4*w - 80. Let p = w + t. Calculate the remainder when p is divided by 14.
12
Let f(a) = 5*a**3 + 2*a**2 - 1. Calculate the remainder when -1 + 318/14 - 8/(-28) is divided by f(1).
4
Let j(k) = 3*k**2 - 3*k - 1. Suppose 0 = 8*p - 3*p - 10. Suppose 20 = 3*b - p*c, -b + c - 11 = -3*b. Calculate the remainder when j(3) is divided by b.
5
Let f(t) = t**2 + 2*t